{"id":1622,"date":"2024-07-01T20:35:32","date_gmt":"2024-07-01T18:35:32","guid":{"rendered":"https:\/\/olabomba.com\/?post_type=product&#038;p=1622"},"modified":"2024-07-11T11:20:03","modified_gmt":"2024-07-11T09:20:03","slug":"odnowa","status":"publish","type":"product","link":"https:\/\/olabomba.com\/index.php\/produkt\/odnowa\/","title":{"rendered":"ODNOWA"},"content":{"rendered":"","protected":false},"excerpt":{"rendered":"<p>30 dniowe spa dla Ciebie i Twojej marki na now\u0105 po\u0142ow\u0119 roku!<\/p>\n<p>Start: 10 lipca<br \/>\nProgram b\u0119dzie odbywa\u0142 si\u0119 w aplikacji w grupie wspania\u0142ych kobiet r\u00f3wnie\u017c id\u0105cych po pe\u0142niej i wi\u0119cej w markach osobistych!<br \/>\nMoje transmisje w postaci nagrywek g\u0142osowych b\u0119d\u0105 odbywa\u0142y si\u0119 poniedzia\u0142ek &#8211; czwartek<br \/>\nPoza tym czekaj\u0105 nas wyzwania i cotygodniowe wyzwania wspania\u0142ych nagr\u00f3d dla uczestniczek<br \/>\nPo prostu obfito\u015b\u0107 dla Ciebie i Twojej marki na now\u0105 po\u0142ow\u0119 roku!<\/p>\n","protected":false},"featured_media":1623,"template":"","meta":{"_uag_custom_page_level_css":"","neve_meta_sidebar":"","neve_meta_container":"","neve_meta_enable_content_width":"off","neve_meta_content_width":100,"neve_meta_title_alignment":"","neve_meta_author_avatar":"","neve_post_elements_order":"","neve_meta_disable_header":"","neve_meta_disable_footer":"","neve_meta_disable_title":""},"product_brand":[],"product_cat":[19],"product_tag":[],"class_list":{"0":"post-1622","1":"product","2":"type-product","3":"status-publish","4":"has-post-thumbnail","6":"product_cat-bez-kategorii","8":"first","9":"instock","10":"taxable","11":"shipping-taxable","12":"purchasable","13":"product-type-simple"},"uagb_featured_image_src":{"full":["https:\/\/olabomba.com\/wp-content\/uploads\/2024\/07\/odnowa.jpeg",1080,1920,false],"thumbnail":["https:\/\/olabomba.com\/wp-content\/uploads\/2024\/07\/odnowa-150x150.jpeg",150,150,true],"medium":["https:\/\/olabomba.com\/wp-content\/uploads\/2024\/07\/odnowa-169x300.jpeg",169,300,true],"medium_large":["https:\/\/olabomba.com\/wp-content\/uploads\/2024\/07\/odnowa-768x1365.jpeg",768,1365,true],"large":["https:\/\/olabomba.com\/wp-content\/uploads\/2024\/07\/odnowa-576x1024.jpeg",576,1024,true],"1536x1536":["https:\/\/olabomba.com\/wp-content\/uploads\/2024\/07\/odnowa-864x1536.jpeg",864,1536,true],"2048x2048":["https:\/\/olabomba.com\/wp-content\/uploads\/2024\/07\/odnowa.jpeg",1080,1920,false],"neve-blog":["https:\/\/olabomba.com\/wp-content\/uploads\/2024\/07\/odnowa-930x620.jpeg",930,620,true],"woocommerce_thumbnail":["https:\/\/olabomba.com\/wp-content\/uploads\/2024\/07\/odnowa-300x300.jpeg",300,300,true],"woocommerce_single":["https:\/\/olabomba.com\/wp-content\/uploads\/2024\/07\/odnowa-600x1067.jpeg",600,1067,true],"woocommerce_gallery_thumbnail":["https:\/\/olabomba.com\/wp-content\/uploads\/2024\/07\/odnowa-100x100.jpeg",100,100,true]},"uagb_author_info":{"display_name":"ola","author_link":"https:\/\/olabomba.com\/index.php\/author\/"},"uagb_comment_info":0,"uagb_excerpt":"30 dniowe spa dla Ciebie i Twojej marki na now\u0105 po\u0142ow\u0119 roku! Start: 10 lipca Program b\u0119dzie odbywa\u0142 si\u0119 w aplikacji w grupie wspania\u0142ych kobiet r\u00f3wnie\u017c id\u0105cych po pe\u0142niej i wi\u0119cej w markach osobistych! Moje transmisje w postaci nagrywek g\u0142osowych b\u0119d\u0105 odbywa\u0142y si\u0119 poniedzia\u0142ek - czwartek Poza tym czekaj\u0105 nas wyzwania i cotygodniowe wyzwania wspania\u0142ych&hellip;","_links":{"self":[{"href":"https:\/\/olabomba.com\/index.php\/wp-json\/wp\/v2\/product\/1622","targetHints":{"allow":["GET"]}}],"collection":[{"href":"https:\/\/olabomba.com\/index.php\/wp-json\/wp\/v2\/product"}],"about":[{"href":"https:\/\/olabomba.com\/index.php\/wp-json\/wp\/v2\/types\/product"}],"version-history":[{"count":0,"href":"https:\/\/olabomba.com\/index.php\/wp-json\/wp\/v2\/product\/1622\/revisions"}],"wp:featuredmedia":[{"embeddable":true,"href":"https:\/\/olabomba.com\/index.php\/wp-json\/wp\/v2\/media\/1623"}],"wp:attachment":[{"href":"https:\/\/olabomba.com\/index.php\/wp-json\/wp\/v2\/media?parent=1622"}],"wp:term":[{"taxonomy":"product_brand","embeddable":true,"href":"https:\/\/olabomba.com\/index.php\/wp-json\/wp\/v2\/product_brand?post=1622"},{"taxonomy":"product_cat","embeddable":true,"href":"https:\/\/olabomba.com\/index.php\/wp-json\/wp\/v2\/product_cat?post=1622"},{"taxonomy":"product_tag","embeddable":true,"href":"https:\/\/olabomba.com\/index.php\/wp-json\/wp\/v2\/product_tag?post=1622"}],"curies":[{"name":"wp","href":"https:\/\/api.w.org\/{rel}","templated":true}]}}